n factor of 244 and 4?
4
Calculate the highest common divisor of 352 and 11.
11
What is the highest common factor of 140 and 3780?
140
What is the highest common factor of 103 and 35741?
103
Calculate the greatest common factor of 420 and 1239.
21
What is the highest common divisor of 11 and 2310?
11
Calculate the highest common divisor of 336 and 5796.
84
Calculate the greatest common factor of 19175 and 195.
65
What is the highest common factor of 28 and 15526?
14
Calculate the highest common factor of 76 and 2983.
19
What is the highest common factor of 36 and 312?
12
Calculate the highest common factor of 2204 and 76.
76
Calculate the greatest common divisor of 9 and 4.
1
Calculate the highest common divisor of 9075 and 75.
75
Calculate the highest common factor of 1196 and 368.
92
Calculate the greatest common divisor of 72 and 1896.
24
Calculate the highest common factor of 17 and 17.
17
Calculate the greatest common factor of 1261 and 169.
13
What is the highest common factor of 3498 and 212?
106
What is the greatest common divisor of 5504 and 43?
43
Calculate the greatest common factor of 1970 and 10.
10
Calculate the greatest common divisor of 528 and 1012.
44
What is the highest common divisor of 40479 and 309?
309
Calculate the highest common divisor of 33 and 55.
11
What is the greatest common factor of 75 and 45?
15
Calculate the highest common factor of 3404 and 115.
23
Calculate the highest common divisor of 378 and 154.
14
What is the greatest common factor of 230 and 138?
46
Calculate the greatest common factor of 32 and 544.
32
Calculate the highest common factor of 20303 and 257.
257
What is the highest common factor of 49 and 1799?
7
What is the highest common divisor of 11250 and 90?
90
What is the greatest common divisor of 441 and 49?
49
What is the highest common divisor of 65 and 637?
13
Calculate the greatest common divisor of 737 and 335.
67
Calculate the highest common divisor of 40 and 2540.
20
What is the greatest common factor of 364 and 1066?
26
What is the highest common divisor of 126 and 364?
14
Calculate the greatest common factor of 99 and 154.
11
Calculate the highest common factor of 21 and 56280.
21
What is the greatest common divisor of 26 and 16?
2
What is the greatest common divisor of 8 and 56?
8
Calculate the greatest common divisor of 29 and 1189.
29
Calculate the greatest common factor of 43 and 1.
1
Calculate the greatest common divisor of 562 and 45803.
281
What is the highest common divisor of 172 and 104?
4
What is the highest common factor of 7364 and 252?
28
Calculate the greatest common factor of 338 and 754.
26
What is the greatest common factor of 66 and 418?
22
Calculate the greatest common divisor of 73 and 28981.
73
What is the greatest common factor of 16 and 52?
4
Calculate the highest common factor of 20 and 36.
4
What is the greatest common factor of 91 and 3055?
13
What is the greatest common factor of 826 and 14?
14
Calculate the highest common factor of 48 and 6576.
48
What is the highest common factor of 32 and 1432?
8
Calculate the greatest common factor of 1443 and 666.
111
What is the highest common factor of 140 and 63?
7
Calculate the highest common factor of 133 and 3439.
19
Calculate the greatest common divisor of 486 and 2106.
162
Calculate the greatest common divisor of 6 and 2994.
6
What is the greatest common divisor of 240 and 1470?
30
What is the greatest common factor of 3 and 192?
3
Calculate the greatest common factor of 315 and 35.
35
What is the highest common factor of 1209 and 4557?
93
What is the highest common factor of 14 and 2457?
7
Calculate the highest common divisor of 248 and 32.
8
Calculate the greatest common factor of 29 and 145.
29
What is the highest common divisor of 75 and 2075?
25
What is the greatest common factor of 546 and 24843?
273
What is the greatest common factor of 78 and 6?
6
What is the greatest common divisor of 164 and 410?
82
Calculate the highest common divisor of 338 and 1521.
169
Calculate the greatest common factor of 3053 and 71.
71
Calculate the greatest common factor of 247 and 2873.
13
What is the highest common divisor of 28 and 546?
14
Calculate the highest common divisor of 195 and 15.
15
Calculate the highest common factor of 782 and 322.
46
What is the highest common divisor of 1 and 3?
1
Calculate the greatest common divisor of 66 and 2.
2
Calculate the greatest common divisor of 1763 and 1720.
43
Calculate the highest common factor of 17 and 2125.
17
What is the greatest common factor of 380 and 460?
20
What is the greatest common divisor of 21 and 6153?
21
Calculate the greatest common divisor of 437 and 161.
23
What is the highest common divisor of 3173 and 167?
167
Calculate the greatest common divisor of 104 and 456.
8
What is the highest common factor of 351 and 1248?
39
What is the highest common divisor of 622 and 16?
2
What is the highest common factor of 52 and 2002?
26
Calculate the highest common factor of 69808 and 16.
16
What is the highest common divisor of 4454 and 34?
34
Calculate the greatest common factor of 414 and 72.
18
Calculate the greatest common factor of 136 and 17.
17
What is the greatest common factor of 22 and 154?
22
Calculate the greatest common divisor of 8 and 18344.
8
Calculate the greatest common factor of 2 and 698.
2
What is the greatest common divisor of 289 and 34?
17
What is the highest common factor of 49 and 25?
1
What is the highest common divisor of 1 and 11?
1
Calculate the highest common divisor of 143 and 325.
13
What is the highest common factor of 78 and 3757?
13
Calculate the highest common divisor of 33 and 77.
11
What is the greatest common divisor of 407 and 88?
11
Calculate the greatest common factor of 63 and 2331.
63
What is the greatest common divisor of 2346 and 204?
102
What is the highest common factor of 41 and 123?
41
What is the greatest common divisor of 16 and 18400?
16
Calculate the greatest common divisor of 222 and 1221.
111
What is the greatest common divisor of 442 and 6916?
26
What is the greatest common divisor of 46 and 207?
23
What is the highest common divisor of 126 and 1278?
18
Calculate the highest common factor of 51 and 68.
17
What is the greatest common divisor of 28594 and 58?
58
Calculate the greatest common factor of 996 and 552.
12
What is the greatest common divisor of 8 and 368?
8
Calculate the greatest common factor of 1 and 21.
1
Calculate the highest common divisor of 8364 and 41.
41
Calculate the highest common factor of 28 and 34468.
28
What is the greatest common factor of 31 and 7?
1
Calculate the highest common factor of 4482 and 270.
54
What is the highest common divisor of 341 and 1984?
31
What is the greatest common factor of 1212 and 96?
12
Calculate the greatest common divisor of 17 and 10.
1
Calculate the highest common divisor of 325 and 1.
1
What is the highest common factor of 216 and 176?
8
Calculate the highest common factor of 270 and 370.
10
Calculate the highest common divisor of 85 and 5.
5
Calculate the greatest common divisor of 812 and 112.
28
What is the highest common factor of 66 and 42?
6
Calculate the highest common factor of 52416 and 168.
168
Calculate the highest common factor of 296 and 32.
8
What is the greatest common divisor of 2864 and 80?
16
What is the greatest common divisor of 5321 and 323?
17
Calculate the greatest common divisor of 1560 and 20.
20
Calculate the greatest common divisor of 63 and 399.
21
What is the greatest common factor of 1712 and 48?
16
What is the highest common divisor of 32640 and 51?
51
What is the greatest common divisor of 129 and 43?
43
Calculate the highest common factor of 14 and 609.
7
What is the greatest common factor of 40 and 2690?
10
Calculate the greatest common divisor of 14 and 3521.
7
What is the highest common divisor of 1400 and 70?
70
What is the greatest common factor of 532 and 64?
4
Calculate the highest common factor of 175 and 10.
5
What is the greatest common factor of 2494 and 58?
58
Calculate the highest common divisor of 80 and 36280.
40
What is the highest common factor of 112 and 7?
7
Calculate the greatest common divisor of 18639 and 38.
19
Calculate the greatest common divisor of 255 and 165.
15
Calculate the highest common di